 m(s) = -s**3 - s**2 + 7*s + 6. Let b be m(-4). Suppose -2*f + 8 = 3*j + 2*j, 4*j - b = -3*f. What is the tens digit of f?
1
Suppose -4*l = -2*z + 28, 4*l = -4*z + 62 + 42. What is the units digit of z?
2
Suppose 6*v = 2*v + 20. Suppose -68 = -2*s + 3*g - 25, -g = -v*s + 88. What is the units digit of s?
7
Suppose -4*f - 4*i = -8, -2*i + 14 = 5*f - i. What is the units digit of f?
3
Let b = 91 - 47. What is the units digit of b?
4
What is the tens digit of 278*3/12*2?
3
What is the tens digit of (24/(-15))/(4 + (-726)/180)?
4
Suppose -n = n - 2*p - 10, 2*p = -2. What is the units digit of n?
4
Suppose -4*h + 1 - 17 = 0, -2*y + 4*h = -76. What is the units digit of y?
0
Let f(p) = -p**3 + 8*p**2 + 22*p - 3. What is the tens digit of f(9)?
1
Let a(c) = 11*c - 9. What is the tens digit of a(4)?
3
Let z be (-70)/8 - 4/16. Let g = 20 + z. What is the units digit of g?
1
Let s(d) be the third derivative of 3*d**2 + 1/6*d**3 + 0*d + 0 - 5/24*d**4. What is the units digit of s(-1)?
6
Let v(k) be the third derivative of k**5/60 + k**4/6 + k**3 - 2*k**2. Let n be v(-4). Let u(i) = i**3 - 6*i**2 + 3. What is the units digit of u(n)?
3
Suppose -4*u + 7*u = 3. What is the units digit of u?
1
Suppose 4*k + z = 36, -3*k = -3*z - 6 - 6. Suppose 4*w = k*w - 68. What is the tens digit of w?
1
Let i = 43 - 10. What is the tens digit of i?
3
Suppose -4*i + 3*x + 113 = 0, 2*i - 5*x = -43 + 110. What is the units digit of i?
6
Suppose -3*o = -2*o + 5*w + 57, 0 = 5*o + 5*w + 225. What is the tens digit of (o - (-4)/(-2))/(-2)?
2
Suppose -45 = -3*g + 216. What is the units digit of g?
7
Let v(f) = -f**3 - f**2 + 3*f + 9. What is the tens digit of v(-4)?
4
Let z be 1*4/(4/5). Suppose z*v + 36 = 5*y + 6, 5*v = y - 26. What is the units digit of y?
1
Let b(x) = x**2 + 3*x - 3. Suppose 5*l + 16 + 0 = -2*w, 0 = l + 4*w - 4. What is the units digit of b(l)?
1
Let w be 2 + (-4)/4 - -2. Suppose w*n + 28 = 124. What is the tens digit of n?
3
Let l = 88 - 60. What is the tens digit of l?
2
Let t(r) = -r**3 - r**2 - 2*r - 4. Let v be t(-3). Suppose -3*i = i - v, -3*i = 3*n - 81. What is the units digit of n?
2
Let n(o) = -o**2 + 1. Let a(u) = u**2 - u. Let q(z) = -3*a(z) - n(z). Let p(g) = g**2 - g. Let l(m) = 5*p(m) + 3*q(m). What is the units digit of l(2)?
1
Let n(g) = 3*g**2 + 7*g + 6. What is the tens digit of n(-4)?
2
Let i be 56/10 - (-2)/5. Let l(j) = -10*j + 1. Let q(h) = h. Let d(c) = -2*l(c) - 18*q(c). What is the tens digit of d(i)?
1
Let j(q) = 2*q**2 - 16*q - 9. Let w be (-4)/5*45/(-6). Let y(z) = z**2 - 8*z - 4. Let a(n) = w*j(n) - 13*y(n). What is the tens digit of a(5)?
1
Suppose 2*k - 207 = -7*k. What is the units digit of k?
3
Let h(w) = -3*w + 2. Let q be h(4). Let l = 17 + q. What is the units digit of l?
7
Let s(j) = j**3 - 5*j**2 - 8*j + 9. Let u be s(6). Let l be 3 + 2 + u - 3. Let f(m) = -12*m**3 - 2*m**2 + 1. What is the units digit of f(l)?
1
Let n(o) = 5*o**2 - 6*o - 9. Let m(b) = 4*b**2 - 5*b - 8. Let u(j) = 4*m(j) - 3*n(j). Let a be u(4). Suppose c - a - 5 = 0. What is the units digit of c?
8
Let x(a) = -a - 2. Let n be x(-2). Suppose 3*h = 3 - n. Suppose 3*o - h = 26. What is the units digit of o?
9
Let a = 61 - 30. What is the tens digit of a?
3
Let q(m) = m + 16. What is the units digit of q(-8)?
8
Suppose 3*r + 5*o = 4*o + 43, 4*o = 3*r - 53. What is the tens digit of r?
1
Suppose 0 = 5*m - 21 - 14. Suppose -m*f + 14 + 35 = 0. What is the units digit of f?
7
Let r = 267 - 128. What is the units digit of r?
9
Let f(v) = -10*v + 7. Let t be f(4). Let d = 67 + t. What is the units digit of d?
4
Let k(g) = g + 7. What is the units digit of k(6)?
3
Suppose -2*q - 252 = -2*i, 5*i - 72 = 3*q + 298. What is the units digit of q/(-14) + (-2)/7?
9
Suppose 5*v - 63 = -4*i, -3*i + 3*v + 0*v + 27 = 0. Let c be (-2)/(-4) - (-18)/i. Suppose c*g - 6*g = -4. What is the units digit of g?
1
Let n(z) = 4*z**2 + 28*z + 13. What is the tens digit of n(-12)?
5
Let l = -50 + 58. What is the units digit of l?
8
Let d = 21 + -14. Let h be (2 - 4)*(-3 + 2). Let s = d + h. What is the units digit of s?
9
Let w be 6*10*4/24. Let c = w - -1. What is the units digit of c?
1
Let f(t) = -2*t + 9. Let h(l) = l - 4. Let v(r) = -6*f(r) - 13*h(r). Let u(d) = -2*d - 4. Let b(x) = 3*u(x) - 5*v(x). What is the units digit of b(-7)?
5
Let s(l) = 2*l. Let f be s(-4). Let y(o) = o**3 + 8*o**2 + o + 10. Let v be y(f). Suppose -k + 7 = -v. What is the units digit of k?
9
Let u = -23 - -46. Suppose k + u = -7. What is the units digit of (-118)/(-10) - 6/k?
2
Let y = 7 + -4. Suppose -4*i - y = 1. What is the units digit of 28/8*(i + 3)?
7
Suppose 5*z = 3*z - 6. What is the tens digit of z/(9/(-51)) + -1?
1
Let t(j) = 0*j**2 - 3*j - 3 + 5 + j**2. Let z be t(2). What is the units digit of -1*2 + 8 - z?
6
Suppose -4*w + 2 = -3*d - 10, 0 = -2*d. What is the units digit of w?
3
Suppose -7 = -5*d - 4*f, 1 = -3*d - 3*f - 2*f. Suppose -t - d*m = 5, 2*t + 0*t - 3*m = 17. What is the units digit of t?
4
Suppose 5*h = 3*h + 24. Let q = -20 + h. Let w(j) = -j - 3. What is the units digit of w(q)?
5
Suppose -n + 6*n - 65 = 0. Let f = 4 - 0. Suppose f*b = n + 43. What is the tens digit of b?
1
Suppose 4*k + 8 = 0, -3*r + 2*r - 11 = 4*k. What is the units digit of (1/r)/((-3)/27)?
3
Suppose 17*x = 16*x + 13. What is the tens digit of x?
1
Let p be (-6)/(-4)*-1*36. Let z = p + 77. What is the units digit of z?
3
Suppose -3*g - 4 = p, 7 = -4*g - 5. Suppose 0*v + p*v - 65 = 0. What is the tens digit of v?
1
Let g = -96 + 197. What is the tens digit of g?
0
Suppose -7 - 5 = 3*q, -3*q - 6 = -3*d. Let k be (-13 - -1)/(-2) + d. Suppose -3*a - 15 = -2*f - 5, -k = 2*a. What is the units digit of f?
2
Suppose b = 4*a + 61, 56 - 18 = -2*a + 2*b. Let r = a + 36. What is the tens digit of r?
2
Let u = -38 + 75. What is the tens digit of u?
3
Suppose 2*n = d + 1, -d = -6*n + 2*n - 7. Let m = d - -10. Suppose -3*c + h = -32, -2*h - 25 + m = -2*c. What is the tens digit of c?
1
Let n(i) = 4 + 1 - i**2 + 2*i - 3*i. What is the units digit of n(0)?
5
Suppose -4*z - t = -349, 2*t + 99 - 367 = -3*z. Suppose 1 = -3*n - z. Let r = 42 + n. What is the units digit of r?
3
Suppose -x = 2*l - 5*x + 12, 0 = 3*l - 2*x + 6. Let f be l + 22/6*3. What is the units digit of (8 - f) + 11/1?
8
Let i = 144 - 57. What is the tens digit of i?
8
Let k(q) = -9*q + 6*q**2 + 4*q**3 - 5*q**3 + 2*q**3 - 8. Let i be ((-1)/2)/((-7)/(-98)). What is the units digit of k(i)?
6
Let h = -24 + 36. What is the tens digit of h?
1
Let u = -123 - -210. What is the tens digit of (u/(-9))/((-2)/6)?
2
Let i = 186 - 88. What is the units digit of i?
8
Suppose -7*h + 97 = -6*h. What is the tens digit of h?
9
Let v = -9 + 14. Suppose -2*w + 3*f = 4 + v, -5 = 5*w - 4*f. Suppose -4*l + y = -y - 10, -y - 8 = -w*l. What is the units digit of l?
3
Let x(f) = -2 - f**2 + 2*f - 2 + 5*f + 0. Let u be x(6). Suppose 5*d - 7 = q + u*q, 4*q - 4*d = -4. What is the units digit of q?
1
Suppose -2*y - 31 = -153. What is the units digit of y?
1
Let x = 164 - 39. What is the hundreds digit of x?
1
Suppose -z + 3*z - 312 = 0. Suppose -6*b + z = -2*b. Suppose -3*c - 48 = -3*f, -3*c + b = 2*f - 13. What is the tens digit of f?
2
Suppose -4*t + 8 + 0 = 0. Suppose 0 = -t*g - 2*g + 48. What is the tens digit of g?
1
What is the units digit of 1/3 - (-418)/6?
0
Suppose -2*q + 98 = 26. Suppose -5*y = -q - 19. Suppose -3*i = 4*b - y, -4*b = -i - 2 - 5. What is the units digit of b?
2
Let l = -8 - -12. What is the units digit of 10/l - (-2)/4?
3
Let v(n) = -n + 4. Let y be v(-4). Let k = -2 - y. Let l = k - -17. What is the units digit of l?
7
Let n(u) = 2*u**3 - 2*u**2 + 8*u - 13. What is the tens digit of n(5)?
2
Let b(t) be the third derivative of t**4/24 - t**3/3 - 3*t**2. What is the units digit of b(6)?
4
Suppose 3*m - m = 0. Suppose -3*g - 9 = -m*g. What is the units digit of (3/g)/4*-20?
5
Suppose r = -0*r - 10. Let x = 18 + r. What is the units digit of x?
8
Suppose -29 = 5*v - 4, 0 = -2*a + 4*v + 34. Let g = a - 4. What is the tens digit of g/15 + 49/5?
1
Let i(f) = 5*f + 4. Let w be i(4). Let y(v) = -v + 1. Let s be y(-4). Suppose -2*b + w = 2*o - 0*b, -5*o + s*b = -80. What is the tens digit of o?
1
Suppose -k - 2*k - 2*z = -154, 74 = k - 5*z. Suppose 2*u + u = -4*n + k, 5*